+ 1).
-4
Evaluate -2 + 3 + (-10 - (-26 + 9)).
8
Evaluate -2 - ((-2 - 2) + 1 + 5).
-4
Evaluate 4 + 2 + (7 - 8).
5
What is (51 - 50) + 1 + 2 + 6?
10
What is (-1 - (-1 + -2)) + -6?
-4
What is the value of -2 + 4 + -7 + 8?
3
Evaluate 2 + 1 - 7 - (5 - 9).
0
What is 4 - (2 + 4 + 0) - -7?
5
(-6 + -12 - -23) + 0 + -8
-3
What is -6 + (-6 + 4 - -3)?
-5
What is (-4 - -6) + (0 - 2) - 2?
-2
What is the value of 0 - -1 - (-8 - -13 - 0)?
-4
Calculate 5 - (0 + 0 - -2).
3
What is the value of -4 + 0 - (-4 + 1)?
-1
Evaluate 1 + -1 + 1 - 4.
-3
Evaluate -13 - (-2 + -9) - -10.
8
What is the value of -7 + (-5 - -17) - 4?
1
What is the value of -2 - (2 - (7 + -6))?
-3
Evaluate -1 - (-4 + 2 - 1).
2
1 + -5 + -32 + 37
1
What is -3 + (-1 + 8 - (-15 + 17))?
2
Evaluate 3 - (9 - (-1 + 3) - 2).
-2
Calculate 1 - (1 + 1) - 0.
-1
What is -6 + (-4 + 0 - -3) + -1?
-8
Calculate (0 + -7 - (29 + -41)) + -2.
3
Evaluate -3 + 0 + 4 + -3 + 1.
-1
Calculate 8 - (-8 - (-22 - -2)).
-4
Calculate -1 + (0 + 0 - (-10 - -10)).
-1
What is (10 - 2) + -3 + -9?
-4
Evaluate 7 + -2 + -5 + (-5 - -1).
-4
Evaluate -2 + (-1 - (-13 - -5)).
5
Evaluate (-1 + 2 - 6) + 11.
6
Calculate 7 + -14 + 4 + 0.
-3
-2 - (9 - (8 - 0))
-3
Calculate 1 + 3 + (1 - 5) + 1.
1
What is 7 + -8 - (3 - 12)?
8
What is the value of 0 + 2 + 5 + -7 - 0?
0
(10 - 4 - 3 - 3) + 3
3
0 + -3 + 3 + -4
-4
What is the value of 5 - (7 + (3 - 0))?
-5
What is the value of (26 - 23) + (-3 - 1)?
-1
5 - (-13 + 12 + 9)
-3
What is the value of (1 + 4 + -10 - -2) + 5?
2
What is the value of 8 + 1 + (-14 - (12 + -7))?
-10
What is (-1 - (2 + -9 - -3)) + 1?
4
Evaluate -11 - -11 - (-2 + 4 - 1).
-1
What is the value of -9 - -10 - (-1 + 3)?
-1
Evaluate -4 - ((-6 - (-3 + 1)) + -1).
1
Evaluate -15 - -20 - (1 - 2).
6
What is the value of 2 + 1 + 0 + 1 + -7?
-3
What is the value of 0 + -1 + -1 + -2?
-4
Calculate -2 - ((-1 - -2) + 4 + -7).
0
Evaluate 8 - ((-8 - -10) + 1 + -1).
6
What is the value of 11 + -1 - (96 + -77)?
-9
Evaluate 2 - (1 + -6 + -1 - -6).
2
Calculate (-5 - (-12 - -5)) + 1.
3
What is -13 + 12 + (3 - 2)?
0
0 + -1 + -1 - (-10 - -8)
0
What is 2 + -3 + 1 + 15 + -10?
5
Calculate -2 + 0 + 2 + -1.
-1
-19 + 13 + 6 + -4
-4
Calculate -7 + -1 + (-11 - -13).
-6
4 + 2 + (-107 - -96)
-5
2 - 1 - (5 - -1)
-5
Calculate 4 + (-5 - (2 + -4)).
1
Evaluate 6 - ((7 - 5) + -3 + 3).
4
What is the value of -2 + 2 - ((2 - 2) + -2)?
2
What is the value of -5 + 2 + 2 + 0?
-1
Calculate 0 + (1 - -1) + -413 + 416.
5
What is 0 + 1 + 0 + -1 + 1?
1
Evaluate -9 + 1 + (17 - 11).
-2
8 + (-3 - (-2 + 4))
3
Evaluate -19 + (-13 - -37) + 6 + -1.
10
Evaluate 8 - (-3 - (-6 + 1)).
6
(6 - 3) + 0 - (-6 - -5)
4
-3 + 4 + -3 + -3
-5
Calculate 0 + 6 + -9 + 9 + 4.
10
(6 - (1 - -4 - 9)) + -1
9
What is -8 + 12 - (1 + 1)?
2
What is -4 + (2 - 0) + (-11 - -20)?
7
What is the value of (-113 - -103) + 6 + -1 + 1?
-4
-20 - -22 - (6 - 3)
-1
Evaluate -2 - -1 - (22 + (18 - 33)).
-8
Evaluate (-4 + 13 - 5) + -1 + 4.
7
9 + -12 - (2 + 0 + -7)
2
What is 2 + 3 + 2 + -4?
3
Calculate 0 + (9 + -4 - 9).
-4
(1 - 1) + (4 - 9)
-5
(3 - -5 - 4) + -1
3
(-1 - -1) + (-68 - -68)
0
Calculate (-2 - (3 - 3)) + -1.
-3
-3 - -8 - (4 - (-2 - -4))
3
Evaluate -4 + 13 + 10 + -24.
-5
What is the value of (6 + 0 - 5) + -7?
-6
Evaluate -4 - 5 - (-10 + 1).
0
Evaluate -1 + 3 + -5 - (-6 - 1).
4
What is 2 - ((4 - 0) + 1 - -4)?
-7
What is 0 - -3 - ((-2 - -2) + 5)?
-2
Evaluate 3 - ((-2 - -4) + 3).
-2
What is 5 + ((-3 - -1) + 1 - 3)?
1
What is the value of 1 + 0 + -69 + 62?
-6
Calculate 0 + -7 + -2 + 3 + 3.
-3
What is 1 - (4 - (-6 + 2 - -4))?
-3
What is the value of -5 + 2 - 1 - -4?
0
What is -4 + -1 + 8 + -4?
-1
Calculate (-13 - 1 - -2) + 7.
-5
Evaluate 6 + 0 + -11 - -1.
-4
What is 1 + -2 - (7 + -1 - 3)?
-4
What is (-23 - -18 - (1 + -2)) + 9?
5
0 + (-3 - 1 - -3 - -3)
2
Calculate 0 - (7 - (-4 + 11)).
0
What is the value of -5 + (11 + -1 - -2) + 4?
11
Evaluate -3 - -6 - 5 - (7 - 2).
-7
Calculate (-12 - -4) + 5 + 1 + -1.
-3
Calculate -1 + 6 + -1 + -5.
-1
Calculate 2 - (-4 + 0 + 3 + -2).
5
Calculate -9 + 11 - 3 - -2.
1
What is the value of 11 + -15 + -7 - -7?
-4
What is 14 + -3 + (-4 - -15) + -11?
11
What is (-1 - (-11 - -12)) + 8?
6
What is the value of -11 + (3 - 4 - -14)?
2
Evaluate (-6 - (5 - 14)) + -1 + -1.
1
What is the value of 2 + 7 + (-4 - 1) + 1?
5
Evaluate -2 + 0 + (-6 - -5) + -2.
-5
What is (1 - -2) + 1 + -4 + 0?
0
What is the value of 0 + -4 + 0 - (11 - 11)?
-4
Evaluate -6 + (-3 - -7) + (-3 - 0).
-5
Evaluate -1 + (0 + 4 - (3 - -1)).
-1
What is the value of 0 + 1 + -5 + 1 + 4?
1
-46 - -50 - (5 + -1)
0
Evaluate -22 + 21 - (0 - 1 - 2).
2
12 - ((11 - -13) + -15)
3
Evaluate 3 + (0 - 4) - 1.
-2
-2 + (-2 - -4) - 1 - -4
3
Evaluate 0 - (-4 - (-2 + -2)).
0
What is the value of 4 + (3 - 4 - 4) + 0?
-1
What is 0 + -11 - (-8 - -4)?
-7
Evaluate -4 + 2 + (-8 - -3 - 0).
-7
What is the value of -5 - -3 - 4 - (-3 - 1)?
-2
Calculate (-8 - (-8 + 2)) + -2.
-4
Calculate -3 - -12 - 4 - (0 + 0).
5
Calculate ((-3 - -3) + -5 - -11) + -6.
0
What is the value of 1 - (1 + 1 + 4)?
-5
-8 + 2 - -8 - (-3 + 0)
5
1 + 11 + -12 + (7 - 1)
6
1 + (4 - (-2 + -6 - -6))
7
Calculate 8 + (-6 - -4) + -4 - 6.
-4
Evaluate 4 - 8 - -7 - 2.
1
Evaluate 3 - 4 - (2 - 1).
-2
What is the value of -9 + (9 - -1) + (2 - 1)?
2
What is -3 - 0 - (-19 + 13)?
3
Evaluate 1 - 6 - (1 + -11).
5
Calculate (-1 - (7 + 0)) + (-1 - -4).
-5
8 + 1 + -2 + (-1 - -1)
7
What is 5 + 0 - (-6 - (-11 - 0))?
0
Calculate 2 + (-2 - -4) + 0 + -2.
2
Calculate -16 + 13 - (-3 - 2).
2
What is -15 - (-6 + -6 + 4)?
-7
-1 + (3 - 1) + -3 - -4
2
What is the value of (-5 - -7) + 1 + 0?
3
What is 7 + (4 - 7) - (2 - -1)?
1
Evaluate -148 - -138 - (-1 - 2).
-7
What is (-2 - 4 - -1) + -1 + 6?
0
Calculate 10 + -5 + -5 + 0.
0
What is the value of -1 + 4 - (-7 + 10)?
0
-4 + 7 + -7 + 0
-4
What is the value of 1 - 1 - (-3 - 0)?
3
What is the value of 0 + 2 - (114 + -117)?
5
Evaluate (-2 - 4) + 3 + 1 + -2.
-4
What is the value of -1 + (6 - 0) + -9?
-4
-14 - -13 - (-3 - 4)
6
Evaluate -2 + 1 - (3 + 8 - 7).
-5
Evaluate -1 + -3 - (-2 + -10 + 5).
3
1 + -12 + (-20 - -25) - -4
-2
Calculate 1 + (4 + -2 - (-4 + 10)).
-3
(9 - 6) + (0 + 2 - 3)
2
Calculate 6 - 2 - (6 - 7).
5
-3 + -2 - (3 + -2) - -4
-2
What is the value of 20 + -7 + -3 + -14?
-4
What is -5 - 8 - -8 - (-3 + -1)?
-1
What is the value of -7 + 5 - -3 - 4 - 0?
-3
-6 + (5 - -3) - 3
-1
-2 - -4 - ((3 - 7) + 8)
-2
(0 - 1) + 11 + -12
-2
-29 + 25 + (5 - 0)
1
What is 2 - (9 + -10 - -10)?
-7
5 + 0 - (114 - 99)
-10
What is the value of -13 + 6 + 8 - 7?
-6
Evaluate -11 + 1 + -3 + (11 - 5).
-7
What is the value of 2 + -3 + 3 - 0?
2
(-1 - 0) + 0 + 0
-1
Calculate 6 + (-4 + -8 - -2).
-4
What is 22 + -5 + -29 + 3 + -1?
-10
-5 + 5 + (3 - 4)
-1
Calculate -12 + (18 - 1) - (2 + 0).
3
-12 + 1 - (7 + -14 + 2)
-6
Calculate -3 - 0 - (-1 + -9 + 4).
3
Evaluate 15 + (-11 - 3) - (0 - 1).
2
What is 7 - (-2 - (-5 - -2))?
6
Evaluate 5 - (6 - (8 - 8)).
-1
0 - (3 + 0 + -4 + -2)
3
(-5 - -8) + -7 - (1 - 7)
2
What is the value of -3 - (-12 + 4 + (2 - 2))?
5
Evaluate 15 + 0 + -13 - (1 - -6).
-5
Evaluate -4 + 3 + 0 + -4.
-5
Evaluate -10 + -5 + 19 + -3.
1
What is (-2 - 2) + 5 + 4?
5
Calculate -5 - -1 - (-5 + 1).
0
What is the value of 4 + (-2 + -2 + -8 - -3)?
-5
What is 3 + -4 + 0 + -1 + 1?
-1
Calculate 0 - (-7 + 1) - (-23 + 25).
4
6 - (13 - (-8 - -11))
-4
Evaluate -11 + 4 + 9 - (1 + -1).
2
What is the value of 7 + (1 - 2 - (6 + -3))?
3
-2 - 2 - (-2 + 1 - -2)
-5
What is (-3 - -5) + 3 + (-5 - 1)?
-1
-2 - -1 - (0 - 2) - 2
-1
Evaluate 40 - 33 - (5 - 2).
4
Evaluate (0 - 5) + 9 + -6.
-2
Evaluate (0 - 2) + (10 - 19 - -12).
1
What is the value of -10 + 5 + 6 - 7?
-6
What is -1 - -4 - (20 - 16) - -3?
2
(-15 - -4) + 2 + (0 - -6)
-3
Evaluate 1 + -6 - (7 + -27 + 20).
-5
-45 + 40 - (0 + -10)
5
What is -1 + 2 + -11 + 7?
-3
Evaluate (3 - -4) + -15 + 8.
0
2 - (9 + 1 + -14)
6
1 + (2 + -1 - 2)
0
Calculate (1 + 3 - -1) + 2 + -13.
-6
What is the value of 48 + -58 - (-3 - 2)?
-5
(-2 - -11) + -16 + (15 - 0)
8
Evaluate (-2 + 6 - 1) + 0 + -2.
1
0 + (1 - -1) + -1 + -4
-3
Calculate 4 - (20 + -10 + 2).
-8
Evaluate (-2 - -3) + -7 + 1.
-5
(1 - -7) + (18 - 23)
3
-2 - (-8 + -3 + 6)
3
What is -3 - 0 - (6 - 8) - 3?
-4
Calculate (6 - (-4 + 6)) + 9 + -11.
2
What is the value of 0 + 1 + 73 + -78?
-4
Evaluate -3 + (0 - -10) - (7 + -6).
6
(18 - (10 - -1)) + -9
-2
3 